In base 8, what is -406331 - -776?
-405333
In base 4, what is 0 - 1023030200110?
-1023030200110
In base 3, what is 112110 + 1210000012?
1210112122
In base 11, what is 0 - -a5aa10aa?
a5aa10aa
In base 8, what is 142224 + -7075?
133127
In base 7, what is 255246 + 16254?
304533
In base 11, what is 4 - -396706?
39670a
In base 10, what is -1690 - 26934?
-28624
In base 10, what is 3267791 - 7?
3267784
In base 6, what is -242 + 1520134?
1515452
In base 5, what is -2002100214 + 3?
-2002100211
In base 7, what is -131 + -325560002?
-325560133
In base 3, what is 1010121 + 212111220?
220122111
In base 16, what is 1c30 - 5f29?
-42f9
In base 5, what is -113220 - 2042041?
-2210311
In base 2, what is 1001010110 - 10111111100110?
-10110110010000
In base 14, what is -4 - -67731?
6772b
In base 12, what is 32bb17 - -a?
32bb25
In base 6, what is 1315502 + 21?
1315523
In base 5, what is 344344432130 + -1?
344344432124
In base 12, what is -3 + -690987?
-69098a
In base 13, what is 1768614 - 24?
17685c0
In base 11, what is -421238056 + -4?
-42123805a
In base 15, what is 85b0 - 16?
8599
In base 10, what is -25 + 393648?
393623
In base 3, what is 11001011001 + 122210?
11001210211
In base 14, what is 99 + 6021?
60ba
In base 14, what is -5ad3cdd + -4?
-5ad3d03
In base 16, what is c + 3a1a3d2?
3a1a3de
In base 14, what is -3 - 346602?
-346605
In base 3, what is 1021221 - -1002022001?
1010120222
In base 7, what is 22 + -102414326?
-102414304
In base 2, what is -100000100101001 - -1001010010111?
-10111010010010
In base 15, what is -7946a - 31?
-7949b
In base 7, what is -2212351 + -120?
-2212501
In base 12, what is 4902ba - -22?
490320
In base 10, what is -4 + -1797752?
-1797756
In base 8, what is -25410764 - -33?
-25410731
In base 4, what is -201333121302 + -110?
-201333122012
In base 4, what is -11 - 31320210033111?
-31320210033122
In base 10, what is 10570801 + 41?
10570842
In base 6, what is -101120233 - 23?
-101120300
In base 3, what is -1001022 - 10010111?
-11011210
In base 11, what is -587 + 9928?
9351
In base 11, what is 104 + 12012?
12116
In base 14, what is 1a39075 + -5?
1a39070
In base 8, what is -225772 - -1266?
-224504
In base 7, what is -5401 + -122603?
-131304
In base 12, what is -9 + 25b95b3?
25b95a6
In base 16, what is 2ac - 494a?
-469e
In base 11, what is -506250 - -22?
-506229
In base 6, what is 22451425551 + 2?
22451425553
In base 15, what is -3 + 82d91dd?
82d91da
In base 16, what is -296677e1 + 3?
-296677de
In base 5, what is -1231010132 - -2?
-1231010130
In base 14, what is a967d9 + -8?
a967d1
In base 8, what is 66454574 - -2?
66454576
In base 7, what is 2626 + -103315?
-100356
In base 9, what is -1221 - 183?
-1414
In base 8, what is -30750 + -741?
-31711
In base 6, what is -22442 + -20532?
-43414
In base 4, what is 23 - -31321212221?
31321212310
In base 8, what is -1250 + 54162?
52712
In base 9, what is -272180743 + -4?
-272180747
In base 8, what is -4 + -113220056?
-113220062
In base 12, what is 1685a69 + 0?
1685a69
In base 13, what is -18 - 93769a?
-9376b5
In base 2, what is 10000001111100 - -101001000001?
10101010111101
In base 12, what is -667 + 2763?
20b8
In base 11, what is 576a8 + -240?
57468
In base 15, what is 3cb1e21 - 3?
3cb1e1d
In base 5, what is 3114402 - -121?
3120023
In base 6, what is 2 + 11105211411?
11105211413
In base 13, what is 95 + 79b3?
7a78
In base 5, what is 3 + 11234330004?
11234330012
In base 4, what is 131020 + 12102300?
12233320
In base 6, what is -2311 + -523311?
-530022
In base 14, what is 5 + b754b5?
b754ba
In base 11, what is -488a6a + 4?
-488a66
In base 3, what is -120010 - 1100212?
-1220222
In base 13, what is -2a + -5a87c5?
-5a8822
In base 8, what is -34246762 + -2?
-34246764
In base 8, what is 3 + 5103301?
5103304
In base 9, what is -160 - -118857?
118687
In base 13, what is 7c03a + 2b?
7c068
In base 8, what is 2 + -7661235?
-7661233
In base 5, what is 102330402230 + -13?
102330402212
In base 12, what is -4397578 + 2?
-4397576
In base 8, what is -7612461 - 23?
-7612504
In base 7, what is -156 + -122345?
-122534
In base 6, what is -412110 + -1203?
-413313
In base 10, what is 49 + 1007411?
1007460
In base 12, what is -12449b - -113?
-124388
In base 5, what is -1304400 + 1232?
-1303113
In base 9, what is 28251347 + 148?
28251506
In base 15, what is 43e62e9 - -a?
43e6304
In base 12, what is -25b9 + 3920?
1323
In base 6, what is 42334114 + 1?
42334115
In base 11, what is -8 - 868308?
-868315
In base 14, what is 297ac68 - -3?
297ac6b
In base 11, what is 2a483 + 1012?
30495
In base 3, what is 1 + -2011011001101020?
-2011011001101012
In base 8, what is 66401470 + 4?
66401474
In base 12, what is -1b5 + 10652?
10459
In base 8, what is -11 - -2132513?
2132502
In base 3, what is -2 - -21201221022222101?
21201221022222022
In base 10, what is -15985 - -416?
-15569
In base 3, what is -21 - -10122210112000?
10122210111202
In base 8, what is 5466 + -357?
5107
In base 7, what is 0 + 4444422010?
4444422010
In base 16, what is -1f77 - 5?
-1f7c
In base 6, what is 33110145 + 545?
33111134
In base 2, what is -10101010111010 + 110001110010?
-1111001001000
In base 3, what is 11201111211012 - -120?
11201111211202
In base 8, what is -4143 + 21324?
15161
In base 8, what is 16140 + 473?
16633
In base 12, what is 642a0 + -296?
64006
In base 3, what is 101200101010 - 2020?
101200021220
In base 11, what is -3 - 82a136?
-82a139
In base 10, what is -24 - -1793639?
1793615
In base 12, what is 4 - 34109062?
-3410905a
In base 12, what is -170255 + 113?
-170142
In base 6, what is -1150104 + 3404?
-1142300
In base 8, what is 30421033 - -3?
30421036
In base 16, what is c97e1be - 3?
c97e1bb
In base 12, what is -419 - 78177?
-78594
In base 15, what is -c - -44247c0?
44247b3
In base 7, what is 2533641655 - 1?
2533641654
In base 8, what is 0 + -167212242?
-167212242
In base 11, what is 1975 + -1143?
832
In base 5, what is 1402 - 3141203?
-3134301
In base 13, what is -33425 - 3?
-33428
In base 14, what is 859 + -552?
307
In base 13, what is 32 + -15650a?
-1564a8
In base 3, what is 21201021022110 - 10200?
21201021011210
In base 12, what is 1 - 1bb71a3a?
-1bb71a39
In base 10, what is -370521999 + -4?
-370522003
In base 6, what is -2 - -3555501?
3555455
In base 3, what is -10202122102 + -10212?
-10202210021
In base 8, what is -346 - -2641435?
2641067
In base 10, what is -5751208 + -22?
-5751230
In base 13, what is -28a3 + -2337?
-4c0a
In base 2, what is 10 - -1110011000011011111111010111?
1110011000011011111111011001
In base 7, what is -6140412 - 4?
-6140416
In base 12, what is -34b190 + -772?
-34b942
In base 4, what is 110211101330200 - -11?
110211101330211
In base 14, what is d24bb + -13?
d24a8
In base 15, what is -926 - -11a9?
783
In base 15, what is 28b - 4050?
-3cb4
In base 15, what is -29581b + -63?
-29587e
In base 10, what is 308349 + -727?
307622
In base 3, what is 11112221020 + 10010?
11120001100
In base 5, what is -10 + 2442424334?
2442424324
In base 6, what is 1532533 + 454?
1533431
In base 6, what is -4533324013 + 3?
-4533324010
In base 6, what is -442150 + 314?
-441432
In base 4, what is -1 - 120213001120?
-120213001121
In base 2, what is -10011110110010 - 100011010110?
-11000010001000
In base 14, what is 5 - -65b1a0b?
65b1a12
In base 3, what is -2 - -2021002200200?
2021002200121
In base 13, what is -5 - 59339ac?
-59339b4
In base 13, what is 5 - 94cc75?
-94cc70
In base 15, what is -15 - -1da9c4?
1da9ae
In base 7, what is -11024 - 10221?
-21245
In base 5, what is -233240 - -123332?
-104403
In base 8, what is 256 + 241410?
241666
In base 11, what is 10 - -17687?
17697
In base 10, what is 441 - -159190?
159631
In base 12, what is -8 + 43a7294?
43a7288
In base 12, what is 465a81 - -4?
465a85
In base 10, what is 4178096 - 0?
4178096
In base 11, what is 6599722 - 2?
6599720
In base 12, what is -256 + -231a?
-2574
In base 6, what is 5230403 - -21?
5230424
In base 6, what is 2041440222 + -11?
2041440211
In base 3, what is 1211121 + -112120202?
-110202011
In base 8, what is -14551 + -24644?
-41415
In base 11, what is 207237725 + -1?
207237724
In base 6, what is -245232 - 135?
-245411
In base 4, what is -1123303232 + -232302?
-1130202200
In base 14, what is -2d + 3003db?
3003ac
In base 10, what is 228138 - 17?
228121
In base 2, what is -10110110110000 + -100